*-21. Calculate the highest common factor of 10 and a.
5
Suppose -5*h = 2*g - 3*h - 834, -h + 2089 = 5*g. What is the greatest common divisor of g and 44?
22
Let s(g) = g**2 + 17*g - 11. Let l be s(-8). Suppose 0 = -y + 4*y - 5*a + 241, -a = -3*y - 221. Let u = y - l. Calculate the greatest common factor of 11 and u.
11
Let m(p) = 127*p**3 + 2*p - 1. Let k be m(1). Suppose -43694*d = 12*u - 43691*d - 390, -5*d = 5*u - 170. What is the highest common factor of u and k?
32
Let d be (21/9)/(-7)*-39. Suppose d = -p + 4*k + 29, -2*p + 22 = 2*k. Let i(z) = -9*z + 3. Let l be i(-9). Calculate the highest common factor of p and l.
12
Let g(p) = 231 + 2*p**3 - 3*p - 4*p**2 - 2*p - 227. Let d be g(4). Calculate the greatest common divisor of d and 36.
12
Let a be 4/34 + (-140)/34. Let n be 6/12 - (2 - (-58)/a). Let l = n + 7. Calculate the greatest common factor of l and 180.
20
Let r(w) = -w**3 - w**2 - 3*w. Let m be r(0). Let p be (-7 - -4 - 57)/(m + -1). Suppose -7*n + p - 4 = 0. Calculate the greatest common factor of 128 and n.
8
Let k(r) = 18*r**2 - 147*r + 1878. Let v be k(11). Calculate the highest common factor of 9 and v.
9
Suppose -5*i = 11 - 91. Let p(l) = -l**3 - 5*l**2 - 4*l + 3. Let k be p(-5). Suppose -17*x + k*x = 240. What is the greatest common divisor of x and i?
8
Let t(s) = -s**3 + 2*s**2 + 11*s + 28. Let h be t(6). Let g = 106 + h. Calculate the highest common factor of 14 and g.
14
Let p be (-13992)/99*(9/54)/(3/(-27)). What is the greatest common divisor of 144 and p?
4
Let d = 18 + -8. Let v = 44 + 12. Let k = v - 46. Calculate the highest common divisor of k and d.
10
Let g = 300 + -260. Suppose 4*q - 4*o + 23 = -7*o, o + 6 = -q. Let v(k) = -k + 5. Let i be v(q). Calculate the highest common divisor of i and g.
10
Let p be -2 - (-2)/1*76. Suppose -3*q + 7*q - 60 = 0. Suppose 0 = -12*r + q*r - p. What is the greatest common factor of 75 and r?
25
Suppose 5*k + 4*f = 274, 12*k - 2*f = 14*k - 108. Let r be 3*(0 - (0 - 19)). Let m = k - r. What is the highest common divisor of 8 and m?
1
Suppose -42*n + 19*n = -16*n - 6426. What is the highest common divisor of n and 108?
54
Let a(c) = c**3 + 28*c**2 + 41*c + 428. Let h be a(-27). What is the highest common factor of h and 1270?
10
Let x(f) = -547*f - 500. Let z be x(-2). Calculate the greatest common divisor of 374 and z.
22
Let k(z) = z**2 + z - 4. Let h be k(-3). Suppose -2*f = m - 112, -2*f = 4*m + 3*f - 457. Let g = 119 - m. What is the greatest common divisor of g and h?
1
Suppose -2*a - t - 135 = 0, -2*a + 3*t = 173 - 42. Let z = a - -122. Calculate the highest common factor of 88 and z.
11
Let p be -130*-1*((-18)/4 + 6 + -1). What is the highest common divisor of 169 and p?
13
Let h(d) = d**3 - d**2 + 4*d + 207. Suppose -3*j = -8*j. Let i be h(j). What is the highest common factor of 276 and i?
69
Suppose -24420 = -3*s - 4*z, 125*s - z + 16280 = 127*s. What is the highest common divisor of s and 296?
148
Let c be (-10)/15 + 58/6. Let o = -136 + 208. Suppose o = -0*q + 4*q. What is the highest common divisor of q and c?
9
Suppose 571 = -8*y + 171*y - 244. Suppose 0*m + 30 = r + m, -5*r - 2*m = -147. Calculate the greatest common factor of r and y.
1
Let l = -14408 + 33658. What is the highest common factor of l and 35?
35
Let b = 1259 + -1163. What is the greatest common divisor of b and 10944?
96
Suppose 0 = -3*a - 5*z - 761, -5*a = -z + 1468 - 181. Let c = 609 + a. What is the greatest common divisor of 48 and c?
16
Let i = 64 + -47. Suppose 0 = 3*m - i + 8. Let t = -110 - -114. Calculate the greatest common factor of t and m.
1
Let g = 5002 + -4474. What is the highest common factor of g and 336?
48
Let o(g) = g**3 - 3*g**2 - 2*g - 3. Let n be o(4). Suppose n*v - 115 = 135. Suppose h = -3*h + 80. What is the greatest common factor of v and h?
10
Let y(g) = g**3 - 17*g**2 - 2*g + 36. Let r be y(17). Suppose 5*z - 222 + r = 0. What is the highest common divisor of 143 and z?
11
Suppose 2*j - 2555 = -5*b, 0 = -j - 2*b - 184 + 1458. What is the highest common divisor of 6405 and j?
105
Suppose 46 = -260*a + 259*a. Let i = 88 + a. Calculate the greatest common factor of i and 336.
42
Suppose 196 = 2*u - 2*x + 4*x, -5*u + 466 = x. Calculate the greatest common divisor of 1357 and u.
23
Let k(j) = j**3 + 15*j**2 + 12*j - 8. Let m be k(-14). Let o = 132 + -82. What is the greatest common divisor of o and m?
10
Suppose -4*z - 2*o + 227 = o, -2*o = 5*z - 282. Let j(s) = -13*s**2 + 2581*s + 1201. Let w be j(199). What is the greatest common factor of w and z?
7
Let n = 213 - 222. Let a be 230/18 - (8/n)/4. Calculate the greatest common divisor of 91 and a.
13
Suppose -19*l - 5608 = -98024. What is the greatest common factor of l and 114?
38
Let l(h) = 37*h**2 + 576*h + 35. Let s be l(-16). Calculate the greatest common factor of 3 and s.
3
Let g be (-28)/(-3)*5*84/245. Suppose y = l + 112 - g, -y + 2*l = -96. Calculate the greatest common divisor of 160 and y.
32
Let k(m) = -m**2 - 6*m + 16. Let p(g) = 3*g - 50. Let f be p(15). Let j be k(f). What is the greatest common divisor of j and 147?
21
Let h = 12426 - 12334. What is the highest common factor of h and 44?
4
Suppose 4*b - 103 = -4*p + 3937, -3038 = -3*p + b. Calculate the highest common divisor of p and 88.
44
Suppose -75 = -2*w - 23. Suppose -2166*z + 2453*z - 48503 = 0. What is the highest common factor of z and w?
13
Suppose -5*j + 5*a = -7865, 0 = 2*j + 38*a - 33*a - 3111. Suppose -21*v = 308 - j. What is the highest common divisor of v and 24?
12
Let a(o) = o**3 - 23*o**2 - 3405*o - 73. Let s be a(71). What is the highest common divisor of 1120 and s?
140
Suppose 4*w = -5*u + 35590, 4*w - u = 47579 - 11953. What is the highest common factor of w and 130?
65
Let c = 124 - 12. Suppose -84 = -36*v + 30*v + 4*v. Calculate the greatest common factor of c and v.
14
Suppose -5*b = -2*o + 111, -3*o + 2*b = -84 - 99. Suppose 3*f - 4*z - 51 = 0, 4*f + 2*z - 78 = 4*z. Calculate the highest common factor of o and f.
21
Let s be 1 - 3/(9/(-42)). Suppose -6*d - 275 = -17*d. Let c = d + s. Calculate the highest common divisor of 16 and c.
8
Let w = 113 + 140. Let q be (-3)/(-12)*(-12 + 4) - -13. Calculate the greatest common divisor of w and q.
11
Let n be (2/3)/(8/12). Let t(m) = 105*m - 1. Let o be t(n). Let i be (-7 - 960/(-140)) + (184/(-14))/(-1). Calculate the highest common divisor of o and i.
13
Suppose 0 = 3*a + 5*p - 1210, -4*p + 2*p - 812 = -2*a. Suppose 388*k - a = 385*k. What is the greatest common factor of 27 and k?
27
Suppose 3*n = -75 + 483. Let v = 215375 + -215351. What is the greatest common divisor of v and n?
8
Let x = -55 + 136. Let z be -2 - (x + 3)*8/(-6). Let a = z - 85. Calculate the greatest common factor of a and 10.
5
Suppose 3*z = 6*z - 6. Let p(a) = a**3 + 7*a**2 - 9*a - 8. Let g be p(-8). Suppose 3*x - 54 = -g*x. Calculate the greatest common divisor of z and x.
2
Suppose -269*l + 1800 = -123*l - 131*l. What is the highest common factor of 4020 and l?
60
Let d = -3107 + 3117. What is the greatest common factor of d and 90?
10
Let m = -165 + 453. Suppose -34*o = -38*o + m. What is the greatest common factor of 36 and o?
36
Suppose -v = -51 - 104. Let w be (-7)/(7/4) - -11. Suppose 0 = 5*u - 3*k - 298, 6*u = w*u - 4*k - 46. Calculate the greatest common divisor of u and v.
31
Let o(z) = -172*z + 1204. Let a be o(-14). Calculate the greatest common divisor of a and 84.
84
Let f(n) = 4*n**2 - 10*n + 139. Let c be f(11). Calculate the highest common divisor of 19 and c.
19
Let n = -243 + 248. Suppose b + 5*k + 0 - 36 = 0, -120 = -5*b + n*k. Calculate the highest common factor of b and 208.
26
Let m be (-203505)/(-30) - (-15)/6. Calculate the greatest common factor of m and 174.
174
Suppose -z - 4*o = -1309 + 346, -2*z + 1908 = 2*o. Let h be (z/6 - 4/8) + -5. What is the greatest common divisor of h and 9?
9
Let w be 39167 + 0 + ((-175)/(-350))/((-1)/(-2)). What is the highest common divisor of w and 153?
153
Suppose -4*q = 6*s - s + 74, -2*q - 36 = 2*s. Let n be (-2)/(-8) + (-444)/q. Let j = 9819 - 9798. What is the greatest common divisor of n and j?
7
Let z(f) = 4*f + 3. Let w be z(0). Suppose w*q + 20 = 7*q. Suppose -q*l = -9 - 6. What is the greatest common divisor of 6 and l?
3
Let i(z) = -7*z**2 